Is 161925 a multiple of 51?
True
Does 12 divide 141379?
False
Is 2 a factor of 338235?
False
Is 618 a factor of 3062305?
False
Does 61 divide 523807?
True
Does 184 divide 18584?
True
Is 30 a factor of 128640?
True
Does 19 divide 1368432?
False
Is 2203 a multiple of 2?
False
Is 11 a factor of 176198?
True
Is 70 a factor of 14560?
True
Is 10840 a multiple of 108?
False
Is 398 a factor of 2213278?
True
Does 5 divide 11905?
True
Is 10472230 a multiple of 799?
False
Is 503671 a multiple of 49?
True
Is 82 a factor of 15416?
True
Is 103 a factor of 91258?
True
Does 53 divide 8712882?
True
Does 17 divide 22888?
False
Is 1467 a factor of 1317366?
True
Does 13 divide 176839?
True
Is 4484088 a multiple of 28?
True
Does 127 divide 1452243?
False
Is 113 a factor of 300117?
False
Is 51292 a multiple of 16?
False
Is 34 a factor of 148610?
False
Does 129 divide 770452?
False
Is 6 a factor of 657682?
False
Is 15 a factor of 76757?
False
Is 10428603 a multiple of 29?
True
Is 223 a factor of 67936?
False
Is 49436 a multiple of 68?
True
Does 52 divide 2937480?
True
Does 38 divide 467003?
False
Does 355 divide 366360?
True
Does 34 divide 19006?
True
Is 939036 a multiple of 588?
True
Is 8544 a multiple of 89?
True
Is 16 a factor of 2075648?
True
Is 35807 a multiple of 5?
False
Does 94 divide 9576908?
True
Is 18 a factor of 832095?
False
Does 266 divide 4618343?
False
Does 246 divide 1232394?
False
Is 7602512 a multiple of 2264?
True
Does 5 divide 71705?
True
Is 1554872 a multiple of 44?
True
Does 8 divide 53221?
False
Is 2914640 a multiple of 16?
True
Is 123752 a multiple of 80?
False
Is 55048 a multiple of 12?
False
Does 83 divide 1867251?
True
Does 432 divide 504144?
True
Is 8241629 a multiple of 111?
False
Is 2101248 a multiple of 57?
True
Is 409484 a multiple of 613?
True
Does 10 divide 497790?
True
Does 61 divide 93879?
True
Does 13 divide 681538?
True
Is 624384 a multiple of 16?
True
Is 244591 a multiple of 277?
True
Is 4 a factor of 1967440?
True
Does 169 divide 183786?
False
Does 23 divide 3332273?
False
Is 30 a factor of 5859870?
True
Is 527 a factor of 2016829?
True
Is 66 a factor of 8204545?
False
Is 480968 a multiple of 106?
False
Is 57 a factor of 1897884?
False
Does 33 divide 110055?
True
Is 57 a factor of 142671?
True
Is 179 a factor of 1123590?
False
Is 668 a factor of 859048?
True
Does 107 divide 807765?
False
Is 130 a factor of 54730?
True
Does 559 divide 1889811?
False
Is 140870 a multiple of 4?
False
Is 114200 a multiple of 100?
True
Does 21 divide 1058967?
True
Does 10 divide 43770?
True
Is 336872 a multiple of 34?
True
Is 68 a factor of 108284?
False
Is 1779353 a multiple of 131?
False
Is 59457 a multiple of 17?
False
Does 48 divide 4744752?
True
Is 73 a factor of 4162679?
True
Does 500 divide 2190160?
False
Is 59356 a multiple of 71?
True
Does 9 divide 11505?
False
Is 210278 a multiple of 15?
False
Is 51 a factor of 82314?
True
Is 166808 a multiple of 99?
False
Is 83661 a multiple of 127?
False
Does 300 divide 5170931?
False
Is 853460 a multiple of 278?
True
Is 97 a factor of 833861?
False
Is 10 a factor of 6077579?
False
Does 4 divide 1050340?
True
Does 10 divide 9488085?
False
Does 62 divide 159355?
False
Is 5895393 a multiple of 393?
True
Is 4 a factor of 120571?
False
Is 695772 a multiple of 34?
False
Is 19743 even?
False
Is 3185035 a multiple of 265?
True
Is 3464662 a multiple of 10?
False
Is 3 a factor of 31436?
False
Does 1069 divide 10312643?
True
Is 578088 a multiple of 9?
True
Is 816325 a multiple of 7?
False
Is 10 a factor of 59467?
False
Is 67 a factor of 495800?
True
Does 89 divide 975889?
False
Does 7 divide 19327?
True
Is 28464 a multiple of 48?
True
Is 214 a factor of 124976?
True
Is 1199011 a multiple of 498?
False
Does 20 divide 421260?
True
Is 448 a factor of 3363757?
False
Is 18 a factor of 46146?
False
Is 481 a factor of 10382591?
False
Is 11 a factor of 1655335?
True
Is 96 a factor of 17856?
True
Is 611282 a multiple of 1081?
False
Is 22567886 a multiple of 650?
False
Does 350 divide 894827?
False
Is 25 a factor of 1388525?
True
Does 30 divide 76713?
False
Is 50 a factor of 4164750?
True
Is 70281 a multiple of 80?
False
Does 251 divide 18137?
False
Is 115 a factor of 2698?
False
Does 12 divide 365568?
True
Is 1397 a factor of 23840279?
False
Is 5456646 a multiple of 351?
True
Is 1031768 a multiple of 85?
False
Is 19 a factor of 152190?
True
Does 33 divide 2624259?
True
Does 3 divide 2006?
False
Is 3 a factor of 1172865?
True
Is 1396845 even?
False
Is 1314228 a multiple of 12?
True
Is 3753376 even?
True
Does 2 divide 12927?
False
Does 60 divide 39695?
False
Does 48 divide 358272?
True
Is 41803 a multiple of 12?
False
Does 41 divide 2012087?
False
Does 145 divide 197635?
True
Is 85 a factor of 2659395?
True
Is 5494230 a multiple of 10?
True
Is 6966999 a multiple of 5?
False
Is 25 a factor of 4575?
True
Is 27 a factor of 559008?
True
Does 16 divide 277384?
False
Is 102639 a multiple of 7?
False
Is 8895 a multiple of 12?
False
Is 1073722 a multiple of 793?
True
Is 867240 a multiple of 31?
False
Is 5520630 a multiple of 59?
True
Is 111 a factor of 322142?
False
Does 4 divide 313073?
False
Does 57 divide 906642?
True
Is 3 a factor of 33306?
True
Does 16 divide 1589952?
True
Is 35 a factor of 766047?
False
Is 4355590 a multiple of 10?
True
Is 1428 a multiple of 7?
True
Does 15 divide 1233195?
True
Is 189686 a multiple of 797?
True
Is 91 a factor of 241241?
True
Does 55 divide 2280520?
True
Is 33 a factor of 102879?
False
Is 731952 a multiple of 36?
True
Is 942702 a multiple of 20?
False
Is 634 a factor of 322706?
True
Is 211 a factor of 3307636?
True
Is 655320 a multiple of 508?
True
Is 31974 a multiple of 35?
False
Is 26391 a multiple of 4?
False
Is 1277848 a multiple of 13?
True
Is 42 a factor of 20852?
False
Does 13 divide 4753528?
True
Is 24 a factor of 232248?
True
Does 54 divide 2231928?
True
Is 9680468 a multiple of 778?
False
Is 60 a factor of 180000?
True
Is 293085 a multiple of 9?
True
Is 213531 a multiple of 5?
False
Is 219 a factor of 482895?
True
Is 47 a factor of 52076?
True
Is 40 a factor of 19120?
True
Does 32 divide 5569440?
True
Does 13 divide 1342276?
True
Does 8 divide 14605680?
True
Does 166 divide 1744293?
False
Is 5 a factor of 72469?
False
Is 14484376 a multiple of 51?
False
Is 30800 a multiple of 40?
True
Is 16 a factor of 28211?
False
Does 218 divide 174653?
False
Is 48 a factor of 58128?
True
Is 2400289 a multiple of 109?
True
Is 309115 a multiple of 211?
True
Is 37 a factor of 8104830?
False
Does 275 divide 2890634?
False
Is 19 a factor of 23845?
True
Does 108 divide 3225066?
False
Does 168 divide 2291688?
True
Does 263 divide 36557?
True
Is 33 a factor of 17644704?
True
Is 7819737 a multiple of 18?
False
Does 18 divide 417252?
False
Is 161981 a multiple of 767?
False
Is 2406829 a multiple of 109?
True
Is 92 a factor of 107741?
False
Is 18930 a multiple of 10?
True
Is 44 a factor of 119262?
False
Does 525 divide 5667719?
False
Is 246818 a multiple of 143?
True
Is 10746 a multiple of 26?
False
Does 24 divide 138984?
True
Is 45 a factor of 547020?
True
Is 224428 a multiple of 23?
False
Is 770 a factor of 4519130?
True
Is 299 a factor of 819559?
True
Is 11276328 a multiple of 117?
False
Is 26939360 a multiple of 1340?
True
Is 3711204 a multiple of 126?
True
Is 354237 a multiple of 400?
False
Is 3649652 a multiple of 470?
False
Does 8 divide 60840?
True
Is 413 a factor of 240366?
True
Does 411 divide 91976?
False
Does 15 divide 230460?
True
Is 36 a factor of 946870?
False
Is 102 a factor of 26187?
False
Does 46 divide 4832174?
False
Does 18 divide 76464?
True
Does 59 divide 3288396?
False
Does 1164 divide 1245418?
False
Is 74 a factor of 507941?
False
Is 75813 a multiple of 37?
True
Is 6 a factor of 638607?
False
Is 75 a factor of 499500?
True
Does 38 divide 4740097?
False
Is 86452 a multiple of 4?
True
Is 68 a factor of 6295100?
True
Does 28 divide 2636286?
False
Does 2461 divide 19078633?
False
Is 594313 a multiple of 175?
False
Does 296 divide 1407367?
False
Does 96 divide 66105?
False
Does 18 divide 4109412?
False
Is 152 a factor of 3011457?
False
Is 484776 a multiple of 24?
True
Does 214 divide 1363180?
True
Does 174 divide 61596?
True
Does 8 divide 3591851?
False
Is 250692 a multiple of 156?
T